ppose 20 = -d*c + 2*c. List the prime factors of c.
2, 5
Let s(u) = 10*u - 43. What are the prime factors of s(15)?
107
Let x = 11 + -6. Suppose 4*l - 3*c = -31, 3*l + 2*c - x*c = -27. Let g = l + 6. What are the prime factors of g?
2
Suppose -3*m + 3 = -0*m, u - 12 = -4*m. Suppose -3*g - 2 = -u. What are the prime factors of g?
2
What are the prime factors of (-14)/4*15*(-8)/42?
2, 5
Let d(j) = 2*j. Let l be d(0). Suppose s = -l*s + 22. List the prime factors of s.
2, 11
Let c = 60 - 24. Suppose -2*l = 2*l - c. Suppose l*w - 60 = 4*w. List the prime factors of w.
2, 3
Let k(r) = r**2 - r + 3. Suppose -m - 1 = 3*y - 7, -2*y = 3*m + 3. What are the prime factors of k(m)?
3, 5
Suppose 1 = -w + 7. Suppose -45 = 3*r - w*r. List the prime factors of r.
3, 5
Suppose 3*l - u = -4, 4*l = 3*l + 5*u + 8. Let h be 6/21 + l/7. Suppose h*q + q = 11. What are the prime factors of q?
11
Let l be 0 - 3/1 - -5. What are the prime factors of 111/12 + l/(-8)?
3
Suppose -o - 3*o = -16. Let p(l) = 4*l**2 - 3*l + 3. Let z be p(2). Suppose z = o*s + 5. List the prime factors of s.
2
Let t(s) = -11*s**2 + 5*s - 7. Let q(h) = -5*h**2 + 3*h - 4. Let p(y) = -5*q(y) + 2*t(y). List the prime factors of p(4).
2, 17
Suppose 3*l + 5*m = -87, -5*l = -3*l - 2*m + 42. List the prime factors of l/(-9)*(-33)/(-4).
2, 11
Suppose 0*n + n = 97. List the prime factors of n.
97
Let c(g) = -g**2 - 10*g - 9. Let b be c(-7). What are the prime factors of (-30)/(-12)*b/10?
3
Let q be 2/3 - (-400)/12. Suppose p = -p + q. Suppose 5*x = 18 + p. List the prime factors of x.
7
Let b(r) = -2*r - 3. Let k be b(-6). Suppose m - k = -0*m. What are the prime factors of m?
3
List the prime factors of 4 - 2 - (0 + -2 - 295).
13, 23
Suppose n = -3*g + 11, 5*n + 15 = 5*g - 10. Let q = 2 + g. Suppose -5*z - q = -2*u, 36 = 4*u - 2*z - 8. What are the prime factors of u?
13
Let a(h) = -3*h**3 - 1. Let q be a(1). What are the prime factors of (-54)/q*2/3?
3
Suppose 0 = 7*k - 1275 + 8. List the prime factors of k.
181
Suppose -5*u - 1 = -4*u, 5*s = -u + 129. Let w = 62 - s. Suppose 2*f - w = -i, -f - f + 36 = 3*i. List the prime factors of f.
2, 3
Let t(w) = 9*w. Let k be t(5). Let f be 5/(k/24)*3. Suppose -3*m - 35 = -f*m. What are the prime factors of m?
7
Let j(h) = h**2 + 4*h - 11. Let o(b) = 5*b + 1. Let c be o(-2). List the prime factors of j(c).
2, 17
Let x be 9/6*(-42)/9. Let a(r) = -2*r - 12. What are the prime factors of a(x)?
2
Suppose 34 = k + 4*j - j, -5*k + 170 = -3*j. Let w = 9 + -27. Let o = w + k. List the prime factors of o.
2
Suppose -y + 2*y = 29. What are the prime factors of y?
29
Let y(v) = v**3 - 4*v**2 + 4*v + 3. List the prime factors of y(4).
19
Let z = 180 - 66. What are the prime factors of z?
2, 3, 19
What are the prime factors of (-4)/12 - (-284)/6?
47
Let b(q) = 5*q - 5. Let n(d) = 2*d - 10. Let m be n(8). List the prime factors of b(m).
5
Suppose 4*m + 0*m - 12 = 2*z, -2*z - 7 = -3*m. Let d = m + 1. List the prime factors of d.
2, 3
Suppose -4*l - 2*x = -4*x - 68, -56 = -4*l - x. Let b = 42 - l. List the prime factors of b.
3
Suppose 0*c = -c - 3, -c - 3 = -3*b. Let g be 117/6*(-2)/(-3). Let o = g - b. List the prime factors of o.
13
Let n(s) = -5*s + 4 - 5*s**2 + 6*s + 4*s + s**3 - s**2. List the prime factors of n(5).
2
Suppose 2*x + 0*x - 4 = 0. Suppose 9 - 27 = -u. What are the prime factors of u/x - (-2 + 4)?
7
Let r(m) = m**3 + 6*m**2 + 4*m - 1. Let n be r(-5). Let q be (-5)/n*-2*2. Suppose -z - q*h = 3*z - 4, 4*h = 5*z - 46. List the prime factors of z.
2, 3
Suppose -k - 310 = -5*o, 2*k - 259 = -4*o + 5*k. What are the prime factors of o?
61
Let v = -68 + 114. List the prime factors of v.
2, 23
Let j(n) be the first derivative of 3*n**2 + 0*n - 1/3*n**3 + 2. List the prime factors of j(5).
5
Suppose 2*s + 0*s - 64 = 0. Suppose 11 + s = 4*t + q, 4*q - 2 = t. List the prime factors of t.
2, 5
Suppose 9 = 3*u + 30. Let m = u - -11. List the prime factors of m/(-20) - 26/(-5).
5
Suppose k + r + 4 + 6 = 0, r = -3*k - 28. Let m = -2 - -3. List the prime factors of m/3 - 51/k.
2, 3
Let k(p) = 7*p + 1. Let m be k(-1). Let t(f) be the first derivative of f**3/3 + 2*f**2 - 5*f - 1. List the prime factors of t(m).
7
Let d = 10 + -3. What are the prime factors of d?
7
Let f = -22 - -14. Let b(i) = -2*i + 10. Let g be b(f). Suppose 1 = 3*w - g. List the prime factors of w.
3
Let i(z) be the third derivative of 1/60*z**5 + 5/6*z**3 + 0*z - z**2 + 1/4*z**4 + 0. List the prime factors of i(-7).
2, 3
Suppose -6*w + 2*w = -980. What are the prime factors of w?
5, 7
Let j(o) = 3 - 3 - 2 - 2*o. List the prime factors of j(-4).
2, 3
Let w = 16 - 0. List the prime factors of w.
2
Let m(b) = b**3 + 5*b**2 - 7*b + 2. Suppose 3*x + 17 + 1 = 0. Let j be m(x). Suppose -3*g - g = -j. List the prime factors of g.
2
Suppose -4*z - 27 = 3*w, 3*z + 8 = -w + 2*z. List the prime factors of (7 + w)*(-93)/(-6).
31
Let t = -16 - -19. Suppose -51 = -t*k + 18. What are the prime factors of k?
23
Suppose 11 = -4*r + 27. Let o = r - 2. Suppose -5*g + 73 = -o. List the prime factors of g.
3, 5
Suppose 4*s = 28 + 372. Suppose -4*a + s = -2*a. What are the prime factors of a?
2, 5
Suppose -g - 2*g = -21. Suppose 4*q = -g - 13. Let u(a) = -3*a - 7. What are the prime factors of u(q)?
2
Let m = 4 - 2. Let i be 5/m*(-6)/(-5). Suppose -i*t - 8 = -c - t, 0 = -c + t + 8. What are the prime factors of c?
2
Suppose -5*m = 13 + 32. Let s = m + 13. Suppose 0 = -5*u - 3*k + 16, s*u - 11 = -5*k + 7. What are the prime factors of u?
2
Let w(r) = 24*r - 3. Let v be w(3). Suppose 1 = -2*q + q - 5*g, -3*g = -3*q + v. What are the prime factors of q?
19
Suppose -2*y + 1544 = 6*y. List the prime factors of y.
193
Suppose -s - 5*p = -0*s - 61, 3*p + 277 = 5*s. What are the prime factors of s?
2, 7
Suppose -3*b + 34 = -2*b. List the prime factors of b.
2, 17
Suppose -12 = 24*a - 28*a. List the prime factors of a.
3
Suppose t = -2*y + 194, 36 = 3*y - 3*t - 237. Let h = -52 + y. Suppose -42 = -5*q + h. What are the prime factors of q?
17
Let m = -5 - -5. Suppose -4*h - 5*r + 23 = m, 3*h + 2*r - 14 = -2. What are the prime factors of h?
2
Let z = -78 + 114. Suppose 4*n - n = z. List the prime factors of n.
2, 3
Let o(t) = -t + 4. Let s be o(4). Suppose 0 = -3*c - s*c + 9. What are the prime factors of c?
3
Let y = -18 + 4. List the prime factors of -2 - -1 - (y + -1).
2, 7
Let p be (0 - -6)/(1 + 1). Suppose -p*h + 19 = -8. What are the prime factors of h?
3
Suppose -4*x + x = -9. Suppose -x*t - 2*t - 16 = 2*f, -f + 22 = -5*t. What are the prime factors of f?
2
Suppose 3*s - 24 = -s. Suppose -4*i - s = -3*i. List the prime factors of (-2)/i*11*3.
11
Let l be 3/(-9) + (-10)/(-3). Let c(f) = 4*f - 11 + 2*f**3 - l*f**3 - f**2 - 9*f**2 + 3*f**2. List the prime factors of c(-8).
3, 7
What are the prime factors of 771/9 + 1/(9/(-6))?
5, 17
Suppose -2*l = -6*l + 68. Let h = l + -12. Let f(k) = -k**3 + 6*k**2 - 3*k - 6. What are the prime factors of f(h)?
2
Let c be 25/2 - (-3)/(-6). Let m = c - 2. List the prime factors of m.
2, 5
Let t(a) = -4*a**3 + 3*a**2 + 7*a + 5. What are the prime factors of t(-2)?
5, 7
Let g(s) = -4*s - 11. What are the prime factors of g(-6)?
13
Let q(t) = -3*t + 1. Let r be q(-2). Let f(l) = -l + 2. Let a be f(4). List the prime factors of a/r - (-279)/21.
13
Suppose -10 = -5*h + 15. Suppose -6*l + 2*i = -l + 25, h*i = l + 28. Let c = 8 - l. List the prime factors of c.
11
Let b(z) = z**3 + 6*z**2 - z - 1. Let w be b(-6). Let a = w - 4. What are the prime factors of a/(-3) + 136/12?
11
Let v = 17 - 15. Suppose -83 = -u - 2*u - v*x, -3*x = -12. What are the prime factors of u?
5
Let m(x) = -7*x + 19. List the prime factors of m(-11).
2, 3
Let j = 10 + 1. Let i = j - 1. What are the prime factors of i?
2, 5
Let f = 78 - 51. Suppose 5*r - 22 - f = 3*u, 4*u - 41 = -3*r. List the prime factors of r.
11
Let b = 5 - 9. Let x(v) = v**2 + 4*v + 4. List the prime factors of x(b).
2
Suppose 2*y - 16 = -2*y. Suppose y = v + 3*v. List the prime factors of (-2)/v + (2 - -8).
2
Let m be 3/(-9) + (-6)/9. Let p = m + 6. What are the prime factors of p?
5
Let t(y) = -10*y - 4. Let l be t(-3). Let b = 39 - l. List the prime factors of b.
13
Suppose -65 + 2 = -3*k. What are the prime factors of k?
3, 7
Suppose 2*l + 13 = a, -63 =